0*z**6 + 0*z**4. Determine o(0).
-1
Let o(s) = s**2 - 8*s - 3. Suppose 0 = 7*g - 9*g + 12. Determine o(g).
-15
Let n = -9 - -14. Let m(c) = c**2 - 7*c + 7. Determine m(n).
-3
Let h(c) = -c**3 - 7*c**2 - 6*c + 6. Let q be 12/(-1)*(5 - 6). Let a = q - 18. Give h(a).
6
Let u(z) = z - 2. Suppose 12*a + 9 = 9*a. Give u(a).
-5
Let i(u) = u**3 + 6*u**2 - 5*u + 7. Let o be (-84)/(-4)*3/(-9). What is i(o)?
-7
Let a(r) = -2*r + 5. Suppose -2*m - 2*m = -20. Suppose -m - 3 = 2*v. Give a(v).
13
Let o(w) = -w - 4. Let z = 10 + -2. Suppose 0 = -3*j + 6*j + 2*m + 2, 1 = -m. Suppose 0 = -2*n - j*n - z. Give o(n).
0
Suppose 0 = -3*r - 4*c - 25, 0 = 2*r - 0*c + 3*c + 18. Let u(p) be the first derivative of -p**2/2 + 3*p - 7. Calculate u(r).
6
Let r(k) = 4 + 4*k**3 - 3*k**3 - 5*k**3 - k**3 - 4*k. Let j(c) = -30*c**3 - 25*c + 25. Let o(a) = 4*j(a) - 25*r(a). Calculate o(1).
5
Let r(z) = z**3 - 3*z**2 + z - 1. Let d = 19 + -3. Suppose 0 = 5*h - s - d, -3*h + h = 3*s - 3. Determine r(h).
2
Let b(n) be the first derivative of 2 - 5/3*n**3 + n + 0*n**2. Determine b(-1).
-4
Let m(d) be the first derivative of -d**4/4 - 5*d**3/3 + 5*d + 1. Let g(l) = 2*l + 3. Let b = -9 - -5. Let z be g(b). Calculate m(z).
5
Let n(r) = -5*r**3 + 3*r**2 + 5*r + 2. Let o(i) = -16*i**3 + 8*i**2 + 14*i + 5. Let k(m) = -8*n(m) + 3*o(m). Calculate k(1).
-7
Let j(b) = b**2 + 7*b + 6. Let n(h) = -h**2 + 4*h - 8. Let p be n(6). Let g be 6/4*p/6. Calculate j(g).
-4
Let p(j) = -j**3 + 9*j**2 - 10*j + 8. Suppose 0 = -30*y + 24*y + 48. What is p(y)?
-8
Let b be 1*(5 + -3) + -1. Suppose 4*y + 6 = f, -b = -2*y + 3*f - 9. Let s(d) = 2*d - 1. Determine s(y).
-3
Let p(k) = 3*k + 8. Let i(l) = -3*l - 7. Let c(f) = 7*i(f) + 6*p(f). Calculate c(-3).
8
Suppose -3*y + 2 - 17 = 3*h, -3*h + 5*y = 7. Let n(w) be the second derivative of -1/2*w**3 + 0*w**2 - w + 0 - 1/12*w**4. Determine n(h).
-4
Let p(c) = c + 9. Suppose 0*q - 2*q - 27 = -3*k, 2*k - 18 = -4*q. Suppose 0 = -3*y, -2*b = b + 3*y - 15. Let l = b - k. Determine p(l).
5
Let x(h) be the second derivative of h**3/6 - 3*h**2 + 10*h. Calculate x(0).
-6
Suppose -2*z = -4*z + 6. Let m(o) = -4 + 6 - o - 1 + 6*o**2 + z*o. What is m(-1)?
5
Let i(g) = g - 5. Let n(p) = p**2 + 6. Let a(m) = 5*i(m) + 6*n(m). Let s(q) = -5*q**2 - 4*q - 10. Let x(k) = -6*a(k) - 7*s(k). What is x(-5)?
-11
Let r(z) be the third derivative of -z**5/60 - 5*z**4/24 - z**3 - 6*z**2. Calculate r(-4).
-2
Suppose 0 = 3*f + i + 18, -2*i = 5*f + 49 - 18. Let s(v) = v**2 + v - 2. Determine s(f).
18
Let r(z) = 5*z - 1. Suppose 21 = -2*y - 5*w, 4*w + 18 = y - 4. Let v be 1/(2*(-1)/y). What is r(v)?
-6
Let y(z) be the third derivative of z**4/24 - z**3/3 + 14*z**2. Give y(-5).
-7
Suppose -30 = -p + 3*p - 4*k, 3*k = 2*p + 25. Let j(t) = t + 6*t**2 + 2 + t**3 + 4*t + 0*t. Let o be j(p). Let l(f) = -f**3 + 3*f**2 - 3*f + 3. Calculate l(o).
1
Let d = 17 - 15. Let z(b) = -6*b + 3. Calculate z(d).
-9
Let n(c) = 5 - 4*c**2 - 4 + c + 0*c**2. Determine n(-1).
-4
Let y(c) = -9 + 2 + 109*c - 110*c. Calculate y(-9).
2
Let d = -8 + 13. Let v(n) be the second derivative of -n**4/12 + 5*n**3/6 + 2*n**2 + 5*n. Calculate v(d).
4
Suppose -2*y = -4*y. Let a(w) = w + 2. Give a(y).
2
Let j(w) = w**2 + 3*w - 5. Let d(t) = -2*t**2 - 6*t + 11. Let k(o) = 3*d(o) + 7*j(o). Let p be 5/2*32/20. Suppose c + p = -0*c. Determine k(c).
2
Let y(v) = 2*v - 3. Let x be (-40)/6*(-36)/10. Suppose 0*h - x = -4*h. Give y(h).
9
Let q(f) = f**2 + f + 4. Suppose -5*h + 3*h + 2*c = -14, -2*h + c = -12. Let z = 2 - h. Determine q(z).
10
Let q(i) = -i**3 + i**2 + i - 6. Let n = -32 + 32. What is q(n)?
-6
Let g(t) = 1. Let w(s) = -s - 4 - 2 - 5*s + 0*s. Let b(v) = -5*g(v) - w(v). Give b(-1).
-5
Let h(k) be the second derivative of k**3/6 - 3*k**2 + 9*k. Determine h(5).
-1
Let k(o) = 0 + 2*o - 1 + 0 - 4. What is k(7)?
9
Let d = 22 - 15. Let p be d - (3 + -2) - 1. Suppose 5 = -10*g + p*g. Let n(v) = 7*v**3 + v**2. Determine n(g).
-6
Suppose -z + 2*z - 22 = 0. Suppose 3*o = 7*w - 3*w - z, o - 14 = -4*w. Let q(i) = -5*i**2 - 3*i + 2*i**2 + i**2. Give q(o).
-2
Let t(n) = 3*n + 78. Let k be t(-28). Let c(z) = -z - 6. What is c(k)?
0
Let g(p) = -3*p**2 - 2*p - 2. Let t be 2/((-2)/(-7)) + -1. Suppose -12*n = -9*n + t. Determine g(n).
-10
Let x(c) = -4*c. Suppose 3*h + 4 = -2*k, -5*h + 5*k + 10 = -h. Suppose -3*a - 5*g + 10 - 4 = h, 2 = a - g. Determine x(a).
-8
Let h(d) = -2*d. Let l = -3 + 6. Suppose c + 4 = b, 0 = -c - 3*b - l - 1. Let q = 3 + c. Determine h(q).
2
Let o(i) = -9*i + 12. Let g(f) = -5*f + 6. Let s(j) = -7*g(j) + 4*o(j). What is s(0)?
6
Let u be 3 + -3 + -3 - -7. Let f(z) be the second derivative of -z**5/20 + z**4/3 - z**3/6 + z**2 - 2*z. Give f(u).
-2
Let s(k) be the first derivative of -7*k**3/3 - k**2/2 - k + 1. Let o be 2/(-11) + 16/88. Suppose -4*p = r, o*p + 2*p + 6 = r. Give s(p).
-7
Let r(k) be the second derivative of k**4/24 - 3*k**3/2 + 3*k**2/2 + 3*k. Let q(g) be the first derivative of r(g). Determine q(0).
-9
Suppose 0 = w - 4 + 3. Let r(m) = 3*m + 1. Calculate r(w).
4
Let s(j) be the third derivative of 1/720*j**6 + 0 - 1/24*j**4 + 0*j - 1/15*j**5 + 0*j**3 + j**2. Let i(v) be the second derivative of s(v). What is i(5)?
-3
Let c(h) = 2 + h + 2*h + 3. Suppose -5*y - 19 = 1. What is c(y)?
-7
Let m(c) = 9*c - 17. Let q(d) = 2*d + 2*d - 9 + d. Let y(t) = -4*m(t) + 7*q(t). What is y(0)?
5
Let f(v) be the second derivative of v**5/20 + v**3/6 - 2*v**2 - v. Let w = -18 + 18. Give f(w).
-4
Let v(o) = -o**3 + 14*o**2 + 15*o - 7. Let m(g) = g**2 - 1. Let a be m(4). Let p be v(a). Let h(t) = 2*t + 8. Give h(p).
-6
Let z be (5/3)/((-3)/(-9)). Let r(s) = s**2 - 5*s + 3. Let t be r(z). Let n be 2*-1*t/(-2). Let m(l) = l**3 - 2*l**2 - 3*l + 1. What is m(n)?
1
Let o(g) be the third derivative of -g**6/24 - g**4/24 + 116*g**2. Let m be -1*(-2 - -1)*-1. Determine o(m).
6
Let v(d) = -d**2 + 3*d - 3. Let i(j) = j**2 + 3*j + 12. Let c be i(-8). Let y = c - 73. Let z be y/(-9) + 4/6. Calculate v(z).
-3
Let x(n) = 12*n - 14*n + n**3 - 2 + 9*n**2 - 3. What is x(-9)?
13
Let q be 5 + (0 - (0 - -3)). Let a(v) = 2*v + 1. What is a(q)?
5
Let o(w) = 11*w**2 - 4*w - 1. Let t(j) = 12*j**2 - 5*j - 1. Let q(c) = -5*o(c) + 4*t(c). Let u be (-20)/(-6) - 2/6. Let v = 4 - u. What is q(v)?
-6
Let u be (-4)/14 - (-23)/7. Let i(a) = a**3 - 12*a**2 - a + 13. Let p be i(12). Let v(m) = -m + 1 + p + m**u + 0*m**3. Calculate v(-2).
-4
Suppose -d - 2*j = 3*d - 18, j + 5 = 5*d. Let h = 7 - 6. Let y(a) = -1 - a + h + 0. What is y(d)?
-2
Let w(y) = -y - 8. Let l be w(-10). Let g(r) = -6*r + 0*r**2 + 4 - 10 + r**l. Give g(6).
-6
Suppose 5 = -3*t + 14. Suppose t*g + 3 = -5*c + 3*c, 3*g + 33 = 3*c. Suppose -2*f = -4*f - c. Let l(q) = q**2 + 7*q + 4. Calculate l(f).
-8
Let d(o) = o - 15. Let f(l) = -7. Let b(i) = -3*d(i) + 7*f(i). Let n be (1 + -4)*(-3 + 4). Determine b(n).
5
Let k(v) be the third derivative of v**8/20160 - v**7/1008 + v**6/180 - v**5/12 - v**2. Let b(t) be the third derivative of k(t). Give b(4).
0
Let g(f) = -3*f - 35. Let m(d) = -d - 12. Let r(c) = -3*g(c) + 8*m(c). Calculate r(-11).
-2
Let r = -5 - -9. Let c(v) = -4*v - 1. What is c(r)?
-17
Let v(d) = d - 3. Let u be v(6). Let g(x) = -2*x**2 - 6*x - 2. Let y(l) = -3*l**2 - 11*l - 3. Let z(q) = u*y(q) - 5*g(q). Give z(4).
5
Let p(t) = 2*t - 3*t**3 + 3*t**3 + 2 - t**3. Let i = -84 - -82. Determine p(i).
6
Let o(v) be the second derivative of -v**3/6 - 4*v**2 + 6*v. Give o(-6).
-2
Let d(v) = v**3 + v**2 + v - 2. Let l = -13 + 7. Let f = l - -6. Calculate d(f).
-2
Let c(t) = 2*t**3 + 27*t**2 - 64*t**2 + 20*t**2 + 16*t**2 - 2*t. Give c(2).
8
Let j(f) = f**3 - 2*f**2 - 2*f - 1. Let z be 7/2 - (-12 - -5)/(-14). Calculate j(z).
2
Suppose 5*c + w - 145 = 6*w, 2*w = -c + 29. Suppose 4*p - c = l, -4*p + 5*l + 11 = -38. Let v be ((-2)/p)/(3/(-18)). Let n(t) = 2*t. Determine n(v).
4
Let x be (-6)/8 - (-1)/(-4). Let k(n) = n - 5. Let b be k(6). Let v = x + b. Let l(u) = u**2 + u + 4. Calculate l(v).
4
Let f = 0 - 1. Let o(l) = 3*l**2 - l + 2. Let a(j) = -j. Let i(x) = f*o(x) + 3*a(x). Suppose -3*v + y - 9 = 0, 0*y - 1 = -v - y. What is i(v)?
-10
Let d be (-36)/28 - 2/(-7). Let g(l) be the third derivative of l**7/2520 - l**5/120 - 5*l**4/24 + 3*l**2. Let n(t) be the second derivative of g(t). Give n(d).
0
Let